is the millions digit of 1511799614?
1
What is the ten millions digit of 344060224?
4
What is the millions digit of 1159888621?
9
What is the hundred millions digit of 1475136404?
4
What is the hundred thousands digit of 1462657796?
6
What is the billions digit of 7213738496?
7
What is the millions digit of 398006618?
8
What is the ten thousands digit of 3275934891?
3
What is the thousands digit of 3634268072?
8
What is the hundred thousands digit of 16986136?
9
What is the hundred millions digit of 4452423392?
4
What is the thousands digit of 67153720?
3
What is the billions digit of 1667635459?
1
What is the units digit of 8485714030?
0
What is the thousands digit of 2031481147?
1
What is the hundreds digit of 51642892?
8
What is the millions digit of 245761616?
5
What is the hundred millions digit of 213109449?
2
What is the millions digit of 1048939557?
8
What is the thousands digit of 1087391851?
1
What is the hundred thousands digit of 48397032?
3
What is the tens digit of 42888617?
1
What is the billions digit of 5260302212?
5
What is the millions digit of 48259438?
8
What is the ten thousands digit of 1372006250?
0
What is the ten thousands digit of 465474935?
7
What is the hundred millions digit of 184471734?
1
What is the ten millions digit of 807082479?
0
What is the hundred thousands digit of 56147321?
1
What is the units digit of 4215703?
3
What is the ten millions digit of 51021255?
5
What is the millions digit of 52946253?
2
What is the ten thousands digit of 256559422?
5
What is the ten thousands digit of 2965271366?
7
What is the hundred thousands digit of 721302196?
3
What is the ten millions digit of 589938735?
8
What is the hundred thousands digit of 205294189?
2
What is the ten millions digit of 87938040?
8
What is the ten thousands digit of 28137353?
3
What is the hundreds digit of 98823594?
5
What is the millions digit of 2861629573?
1
What is the thousands digit of 801150492?
0
What is the hundreds digit of 10754965?
9
What is the millions digit of 448287557?
8
What is the ten millions digit of 391859556?
9
What is the ten millions digit of 1151753676?
5
What is the hundreds digit of 17784102?
1
What is the millions digit of 3565294462?
5
What is the ten thousands digit of 15319131?
1
What is the hundred millions digit of 1223096722?
2
What is the ten millions digit of 75998332?
7
What is the hundreds digit of 5979602398?
3
What is the ten millions digit of 167449024?
6
What is the ten millions digit of 77668517?
7
What is the hundreds digit of 333564237?
2
What is the ten millions digit of 4039155876?
3
What is the ten thousands digit of 14476491?
7
What is the millions digit of 54220499?
4
What is the thousands digit of 1893039165?
9
What is the hundred thousands digit of 461481056?
4
What is the hundred millions digit of 1229205338?
2
What is the ten millions digit of 33650551?
3
What is the hundred thousands digit of 12398176?
3
What is the tens digit of 1961867307?
0
What is the hundred millions digit of 6035823755?
0
What is the millions digit of 1177267526?
7
What is the billions digit of 6152653406?
6
What is the hundred millions digit of 396258496?
3
What is the units digit of 821507821?
1
What is the tens digit of 1322611002?
0
What is the units digit of 56925436?
6
What is the thousands digit of 575591827?
1
What is the hundreds digit of 180463166?
1
What is the units digit of 74709064?
4
What is the ten millions digit of 2873460069?
7
What is the millions digit of 471204511?
1
What is the thousands digit of 1674362758?
2
What is the hundreds digit of 59577?
5
What is the hundred thousands digit of 991642150?
6
What is the ten thousands digit of 2243243844?
4
What is the ten millions digit of 2288138931?
8
What is the millions digit of 2135885454?
5
What is the millions digit of 65720037?
5
What is the thousands digit of 17545909?
5
What is the hundreds digit of 76101250?
2
What is the hundred thousands digit of 6839002?
8
What is the thousands digit of 737507844?
7
What is the units digit of 266447096?
6
What is the hundred millions digit of 558224415?
5
What is the tens digit of 437660486?
8
What is the ten thousands digit of 1012635571?
3
What is the units digit of 1930155807?
7
What is the ten millions digit of 23072221?
2
What is the ten millions digit of 25073969?
2
What is the hundred millions digit of 2087594135?
0
What is the units digit of 1524272598?
8
What is the billions digit of 1178431116?
1
What is the hundreds digit of 821975679?
6
What is the ten thousands digit of 175135028?
3
What is the hundred thousands digit of 61461588?
4
What is the millions digit of 107121172?
7
What is the ten millions digit of 933089008?
3
What is the hundred millions digit of 198642172?
1
What is the hundreds digit of 416764735?
7
What is the hundreds digit of 528006563?
5
What is the units digit of 46502133?
3
What is the units digit of 369253658?
8
What is the tens digit of 208165376?
7
What is the thousands digit of 180438388?
8
What is the millions digit of 375986939?
5
What is the hundred millions digit of 1756282478?
7
What is the thousands digit of 26922382?
2
What is the hundreds digit of 782031918?
9
What is the ten millions digit of 3815936261?
1
What is the hundred thousands digit of 318303844?
3
What is the ten millions digit of 2246922748?
4
What is the thousands digit of 1075655216?
5
What is the thousands digit of 607928067?
8
What is the hundreds digit of 14340456?
4
What is the millions digit of 46956603?
6
What is the units digit of 25919690?
0
What is the hundreds digit of 6393531?
5
What is the thousands digit of 84488578?
8
What is the hundreds digit of 88206449?
4
What is the ten thousands digit of 1068500846?
0
What is the thousands digit of 36637266?
7
What is the hundred thousands digit of 4330647061?
6
What is the millions digit of 14962701?
4
What is the millions digit of 1110735327?
0
What is the thousands digit of 181487564?
7
What is the thousands digit of 100788782?
8
What is the tens digit of 823776141?
4
What is the units digit of 1338880318?
8
What is the hundred thousands digit of 44910736?
9
What is the tens digit of 122829726?
2
What is the millions digit of 6450537552?
0
What is the millions digit of 1389145923?
9
What is the hundreds digit of 210741208?
2
What is the millions digit of 64887974?
4
What is the units digit of 28152177?
7
What is the hundred thousands digit of 4904439526?
4
What is the hundreds digit of 99027020?
0
What is the thousands digit of 28876670?
6
What is the millions digit of 5236770409?
6
What is the units digit of 4304100910?
0
What is the units digit of 348528644?
4
What is the units digit of 643821364?
4
What is the millions digit of 415373471?
5
What is the ten millions digit of 470135252?
7
What is the thousands digit of 185355817?
5
What is the ten thousands digit of 4356591893?
9
What is the thousands digit of 395989287?
9
What is the tens digit of 50607737?
3
What is the units digit of 4966453?
3
What is the units digit of 9556923?
3
What is the ten millions digit of 899178488?
9
What is the ten thousands digit of 133741618?
4
What is the tens digit of 187306724?
2
What is the thousands digit of 10520142?
0
What is the billions digit of 1918873132?
1
What is the ten millions digit of 1842128147?
4
What is the hundreds digit of 38033186?
1
What is the thousands digit of 3438343163?
3
What is the millions digit of 821268462?
1
What is the units digit of 6008854793?
3
What is the hundred millions digit of 118344861?
1
What is the ten thousands digit of 761269929?
6
What is the thousands digit of 798347934?
7
What is the millions digit of 110318795?
0
What is the ten millions digit of 4866685861?
6
What is the millions digit of 4975876923?
5
What is the hundreds digit of 232678146?
1
What is the hundreds digit of 1771686421?
4
What is the ten thousands digit of 829283591?
8
What is the ten thousands digit of 22024193?
2
What is the ten thousands digit of 280424424?
2
What is the units digit of 19994061?
1
What is the hundred thousands digit of 1007053027?
0
What is the billions digit of 3151368720?
3
What is the thousands digit of 1496357328?
7
What is the millions digit of 1252288099?
2
What is the thousands digit of 3425480561?
0
What is th